[INFO] cloning repository https://github.com/Kaaleyah/sorochat
[INFO] running `Command { std: "git" "-c" "credential.helper=" "-c" "credential.helper=/workspace/cargo-home/bin/git-credential-null" "clone" "--bare" "https://github.com/Kaaleyah/sorochat" "/workspace/cache/git-repos/https%3A%2F%2Fgithub.com%2FKaaleyah%2Fsorochat", kill_on_drop: false }`
[INFO] [stderr] Cloning into bare repository '/workspace/cache/git-repos/https%3A%2F%2Fgithub.com%2FKaaleyah%2Fsorochat'...
[INFO] running `Command { std: "git" "rev-parse" "HEAD", kill_on_drop: false }`
[INFO] [stdout] 54eadd077d2f27281946ce3470e1279907acc3f2
[INFO] checking Kaaleyah/sorochat against 40527f3e444fde1deb361751bdef9b9e11d1b971+rustflags=--cfg crater_hack --force-warn invalid-c-variadic-arguments for pr-162478
[INFO] running `Command { std: "git" "clone" "/workspace/cache/git-repos/https%3A%2F%2Fgithub.com%2FKaaleyah%2Fsorochat" "/workspace/builds/worker-2-tc2/source", kill_on_drop: false }`
[INFO] [stderr] Cloning into '/workspace/builds/worker-2-tc2/source'...
[INFO] [stderr] done.
[INFO] started tweaking git repo https://github.com/Kaaleyah/sorochat
[INFO] finished tweaking git repo https://github.com/Kaaleyah/sorochat
[INFO] tweaked toml for git repo https://github.com/Kaaleyah/sorochat written to /workspace/builds/worker-2-tc2/source/Cargo.toml
[INFO] validating manifest of git repo https://github.com/Kaaleyah/sorochat on toolchain 40527f3e444fde1deb361751bdef9b9e11d1b971
[INFO] running `Command { std: CARGO_HOME="/workspace/cargo-home" RUSTUP_HOME="/workspace/rustup-home" "/workspace/cargo-home/bin/cargo" "+40527f3e444fde1deb361751bdef9b9e11d1b971" "metadata" "--manifest-path" "Cargo.toml" "--no-deps", kill_on_drop: false }`
[INFO] crate git repo https://github.com/Kaaleyah/sorochat already has a lockfile, it will not be regenerated
[INFO] running `Command { std: CARGO_HOME="/workspace/cargo-home" RUSTUP_HOME="/workspace/rustup-home" "/workspace/cargo-home/bin/cargo" "+40527f3e444fde1deb361751bdef9b9e11d1b971" "fetch" "--manifest-path" "Cargo.toml", kill_on_drop: false }`
[INFO] [stderr] warning: Cargo.toml: unused manifest key: workspace.dev_dependencies
[INFO] [stderr] warning: workspace (manifest) generated 1 warning
[INFO] [stderr]     Blocking waiting for file lock on package cache
[INFO] [stderr]     Updating crates.io index
[INFO] [stderr]     Blocking waiting for file lock on package cache
[ERROR] error running command: no output for 300 seconds
[INFO] checking Kaaleyah/sorochat against 40527f3e444fde1deb361751bdef9b9e11d1b971+rustflags=--cfg crater_hack --force-warn invalid-c-variadic-arguments for pr-162478
[INFO] running `Command { std: "git" "clone" "/workspace/cache/git-repos/https%3A%2F%2Fgithub.com%2FKaaleyah%2Fsorochat" "/workspace/builds/worker-2-tc2/source", kill_on_drop: false }`
[INFO] [stderr] Cloning into '/workspace/builds/worker-2-tc2/source'...
[INFO] [stderr] done.
[INFO] started tweaking git repo https://github.com/Kaaleyah/sorochat
[INFO] finished tweaking git repo https://github.com/Kaaleyah/sorochat
[INFO] tweaked toml for git repo https://github.com/Kaaleyah/sorochat written to /workspace/builds/worker-2-tc2/source/Cargo.toml
[INFO] validating manifest of git repo https://github.com/Kaaleyah/sorochat on toolchain 40527f3e444fde1deb361751bdef9b9e11d1b971
[INFO] running `Command { std: CARGO_HOME="/workspace/cargo-home" RUSTUP_HOME="/workspace/rustup-home" "/workspace/cargo-home/bin/cargo" "+40527f3e444fde1deb361751bdef9b9e11d1b971" "metadata" "--manifest-path" "Cargo.toml" "--no-deps", kill_on_drop: false }`
[INFO] crate git repo https://github.com/Kaaleyah/sorochat already has a lockfile, it will not be regenerated
[INFO] running `Command { std: CARGO_HOME="/workspace/cargo-home" RUSTUP_HOME="/workspace/rustup-home" "/workspace/cargo-home/bin/cargo" "+40527f3e444fde1deb361751bdef9b9e11d1b971" "fetch" "--manifest-path" "Cargo.toml", kill_on_drop: false }`
[INFO] [stderr] warning: Cargo.toml: unused manifest key: workspace.dev_dependencies
[INFO] [stderr] warning: workspace (manifest) generated 1 warning
[INFO] [stderr]     Blocking waiting for file lock on package cache
[INFO] [stderr]     Blocking waiting for file lock on package cache
[INFO] [stderr]  Downloading crates ...
[INFO] [stderr]   Downloaded soroban-sdk v21.7.0
[INFO] [stderr]   Downloaded base32 v0.4.0
[INFO] [stderr]   Downloaded soroban-spec v21.7.0
[INFO] [stderr]   Downloaded soroban-env-macros v21.2.1
[INFO] [stderr]   Downloaded soroban-spec-rust v21.7.0
[INFO] [stderr]   Downloaded soroban-env-guest v21.2.1
[INFO] [stderr]   Downloaded k256 v0.13.3
[INFO] [stderr]   Downloaded soroban-env-common v21.2.1
[INFO] [stderr]   Downloaded serde_with_macros v3.9.0
[INFO] [stderr]   Downloaded iana-time-zone v0.1.60
[INFO] [stderr]   Downloaded stellar-xdr v21.2.0
[INFO] [stderr]   Downloaded soroban-env-host v21.2.1
[INFO] [stderr]   Downloaded serde_with v3.9.0
[INFO] [stderr]   Downloaded once_cell v1.20.0
[INFO] [stderr]   Downloaded ctor v0.2.8
[INFO] [stderr]   Downloaded stellar-strkey v0.0.8
[INFO] [stderr]   Downloaded soroban-sdk-macros v21.7.0
[INFO] [stderr]   Downloaded soroban-builtin-sdk-macros v21.2.1
[INFO] [stderr]   Downloaded soroban-ledger-snapshot v21.7.0
[INFO] [stderr]   Downloaded ed25519-dalek v2.1.1
[INFO] running `Command { std: "docker" "create" "-v" "/var/lib/crater-agent-workspace/builds/worker-2-tc2/source:/opt/rustwide/workdir:ro,Z" "-v" "/var/lib/crater-agent-workspace/builds/worker-2-tc2/target:/opt/rustwide/target:rw,Z" "-v" "/var/lib/crater-agent-workspace/cargo-home:/opt/rustwide/cargo-home:ro,Z" "-v" "/var/lib/crater-agent-workspace/rustup-home:/opt/rustwide/rustup-home:ro,Z" "-m" "1610612736" "--network" "none" "ghcr.io/rust-lang/crates-build-env/linux@sha256:8683fc1fc2eb5c9ac98e0d076ab094b2ffac7f99da555d2b6a2e27f346de2ec7" "sleep" "infinity", kill_on_drop: false }`
[INFO] [stdout] 1b6fec769ac0735d584d4e96cd7991bfb15e70da5a15ae12a85dedb480518547
[INFO] running `Command { std: "docker" "start" "1b6fec769ac0735d584d4e96cd7991bfb15e70da5a15ae12a85dedb480518547", kill_on_drop: false }`
[INFO] running `Command { std: "docker" "inspect" "1b6fec769ac0735d584d4e96cd7991bfb15e70da5a15ae12a85dedb480518547", kill_on_drop: false }`
[INFO] running `Command { std: "docker" "exec" "-e" "SOURCE_DIR=/opt/rustwide/workdir" "-e" "CARGO_HOME=/opt/rustwide/cargo-home" "-e" "RUSTUP_HOME=/opt/rustwide/rustup-home" "-e" "CARGO_TARGET_DIR=/opt/rustwide/target" "-w" "/opt/rustwide/workdir" "--user" "0:0" "1b6fec769ac0735d584d4e96cd7991bfb15e70da5a15ae12a85dedb480518547" "/opt/rustwide/cargo-home/bin/cargo" "+40527f3e444fde1deb361751bdef9b9e11d1b971" "metadata" "--no-deps" "--format-version=1", kill_on_drop: false }`
[INFO] running `Command { std: "docker" "inspect" "1b6fec769ac0735d584d4e96cd7991bfb15e70da5a15ae12a85dedb480518547", kill_on_drop: false }`
[INFO] running `Command { std: "docker" "exec" "-e" "SOURCE_DIR=/opt/rustwide/workdir" "-e" "CARGO_HOME=/opt/rustwide/cargo-home" "-e" "RUSTUP_HOME=/opt/rustwide/rustup-home" "-e" "CARGO_TARGET_DIR=/opt/rustwide/target" "-e" "CARGO_INCREMENTAL=0" "-e" "RUST_BACKTRACE=full" "-e" "RUSTFLAGS=--cap-lints=forbid --cfg crater_hack --force-warn invalid-c-variadic-arguments" "-e" "RUSTDOCFLAGS=--cap-lints=forbid" "-w" "/opt/rustwide/workdir" "--user" "0:0" "1b6fec769ac0735d584d4e96cd7991bfb15e70da5a15ae12a85dedb480518547" "/opt/rustwide/cargo-home/bin/cargo" "+40527f3e444fde1deb361751bdef9b9e11d1b971" "check" "--frozen" "--all" "--all-targets" "--message-format=json", kill_on_drop: false }`
[INFO] [stderr] warning: Cargo.toml: unused manifest key: workspace.dev_dependencies
[INFO] [stderr] warning: workspace (manifest) generated 1 warning
[INFO] [stderr]    Compiling serde v1.0.210
[INFO] [stderr]    Compiling itoa v1.0.11
[INFO] [stderr]    Compiling ryu v1.0.18
[INFO] [stderr]    Compiling memchr v2.7.4
[INFO] [stderr]     Checking zeroize v1.8.1
[INFO] [stderr]     Checking subtle v2.6.1
[INFO] [stderr]    Compiling libc v0.2.158
[INFO] [stderr]    Compiling semver v1.0.23
[INFO] [stderr]     Checking const-oid v0.9.6
[INFO] [stderr]    Compiling generic-array v0.14.7
[INFO] [stderr]    Compiling thiserror v1.0.63
[INFO] [stderr]    Compiling base32 v0.4.0
[INFO] [stderr]    Compiling escape-bytes v0.1.1
[INFO] [stderr]    Compiling syn v2.0.77
[INFO] [stderr]    Compiling num-traits v0.2.19
[INFO] [stderr]     Checking base16ct v0.2.0
[INFO] [stderr]    Compiling itertools v0.11.0
[INFO] [stderr]     Checking byteorder v1.5.0
[INFO] [stderr]     Checking downcast-rs v1.2.1
[INFO] [stderr]     Checking indexmap-nostd v0.4.0
[INFO] [stderr]     Checking der v0.7.9
[INFO] [stderr]     Checking hashbrown v0.14.5
[INFO] [stderr]     Checking wasmparser-nostd v0.100.2
[INFO] [stderr]     Checking gimli v0.31.0
[INFO] [stderr]    Compiling rustc_version v0.4.1
[INFO] [stderr]     Checking smallvec v1.13.2
[INFO] [stderr]    Compiling crypto-common v0.1.6
[INFO] [stderr]    Compiling block-buffer v0.10.4
[INFO] [stderr]     Checking base64 v0.13.1
[INFO] [stderr]     Checking spin v0.9.8
[INFO] [stderr]    Compiling curve25519-dalek v4.1.3
[INFO] [stderr]    Compiling prettyplease v0.2.22
[INFO] [stderr]     Checking wasmi_arena v0.4.1
[INFO] [stderr]     Checking indexmap v2.5.0
[INFO] [stderr]     Checking miniz_oxide v0.8.0
[INFO] [stderr]     Checking digest v0.10.7
[INFO] [stderr]     Checking sec1 v0.7.3
[INFO] [stderr]     Checking object v0.36.4
[INFO] [stderr]     Checking keccak v0.1.5
[INFO] [stderr]     Checking getrandom v0.2.15
[INFO] [stderr]     Checking wasmi_core v0.13.0
[INFO] [stderr]     Checking hmac v0.12.1
[INFO] [stderr]     Checking sha2 v0.10.8
[INFO] [stderr]     Checking ethnum v1.5.0
[INFO] [stderr]    Compiling soroban-env-host v21.2.1
[INFO] [stderr]     Checking rand_core v0.6.4
[INFO] [stderr]    Compiling cpufeatures v0.2.14
[INFO] [stderr]     Checking rfc6979 v0.4.0
[INFO] [stderr]    Compiling num-integer v0.1.46
[INFO] [stderr]     Checking sha3 v0.10.8
[INFO] [stderr]    Compiling static_assertions v1.1.0
[INFO] [stderr]     Checking hex-literal v0.4.1
[INFO] [stderr]     Checking ff v0.13.0
[INFO] [stderr]     Checking crypto-bigint v0.5.5
[INFO] [stderr]     Checking signature v2.2.0
[INFO] [stderr]    Compiling num-bigint v0.4.6
[INFO] [stderr]     Checking group v0.13.0
[INFO] [stderr]     Checking ed25519 v2.2.3
[INFO] [stdout] error[E0512]: cannot transmute between types of different sizes, or dependently-sized types
[INFO] [stdout]   --> /opt/rustwide/cargo-home/registry/src/index.crates.io-1949cf8c6b5b557f/ethnum-1.5.0/src/error.rs:16:14
[INFO] [stdout]    |
[INFO] [stdout] 16 |     unsafe { mem::transmute(()) }
[INFO] [stdout]    |              ^^^^^^^^^^^^^^
[INFO] [stdout]    |
[INFO] [stdout]    = note: source type: `()` (0 bits)
[INFO] [stdout]    = note: target type: `TryFromIntError` (8 bits)
[INFO] [stdout] 
[INFO] [stdout] 
[INFO] [stderr]    Compiling wasmparser v0.116.1
[INFO] [stdout] error[E0512]: cannot transmute between types of different sizes, or dependently-sized types
[INFO] [stdout]   --> /opt/rustwide/cargo-home/registry/src/index.crates.io-1949cf8c6b5b557f/ethnum-1.5.0/src/error.rs:16:14
[INFO] [stdout]    |
[INFO] [stdout] 16 |     unsafe { mem::transmute(()) }
[INFO] [stdout]    |              ^^^^^^^^^^^^^^
[INFO] [stdout]    |
[INFO] [stdout]    = note: source type: `()` (0 bits)
[INFO] [stdout]    = note: target type: `TryFromIntError` (8 bits)
[INFO] [stdout] 
[INFO] [stdout] 
[INFO] [stdout] For more information about this error, try `rustc --explain E0512`.
[INFO] [stdout] 
[INFO] [stderr] error: could not compile `ethnum` (lib) due to 1 previous error
[INFO] [stderr] warning: build failed, waiting for other jobs to finish...
[INFO] [stdout] For more information about this error, try `rustc --explain E0512`.
[INFO] [stdout] 
[INFO] [stderr] error: could not compile `ethnum` (lib) due to 1 previous error
[INFO] running `Command { std: "docker" "inspect" "1b6fec769ac0735d584d4e96cd7991bfb15e70da5a15ae12a85dedb480518547", kill_on_drop: false }`
[INFO] running `Command { std: "docker" "rm" "-f" "1b6fec769ac0735d584d4e96cd7991bfb15e70da5a15ae12a85dedb480518547", kill_on_drop: false }`
[INFO] [stdout] 1b6fec769ac0735d584d4e96cd7991bfb15e70da5a15ae12a85dedb480518547
